0847 and 81.
27
Calculate the highest common divisor of 162324 and 4212.
324
Calculate the greatest common divisor of 4164 and 3624.
12
What is the highest common divisor of 1524 and 324?
12
Calculate the greatest common divisor of 77121 and 36366.
627
What is the highest common divisor of 12027 and 291813?
633
What is the highest common factor of 924 and 29799?
231
Calculate the highest common factor of 1003 and 75157.
17
Calculate the greatest common divisor of 1575 and 595800.
225
What is the greatest common factor of 170 and 3910?
170
What is the greatest common divisor of 5036 and 16?
4
Calculate the highest common divisor of 168168 and 672.
168
What is the greatest common factor of 1629 and 1991?
181
What is the highest common factor of 20 and 104660?
20
What is the highest common factor of 126 and 332934?
42
What is the highest common factor of 81246 and 8976?
66
Calculate the highest common factor of 433 and 6.
1
What is the highest common factor of 39015 and 3105?
135
Calculate the greatest common factor of 8718 and 480.
6
Calculate the greatest common factor of 195 and 3081.
39
What is the greatest common factor of 10852 and 32?
4
What is the highest common divisor of 540 and 1815?
15
Calculate the highest common factor of 4376 and 184.
8
Calculate the highest common factor of 10817 and 754.
29
Calculate the highest common factor of 176 and 31438.
22
What is the greatest common divisor of 66630 and 240?
30
Calculate the greatest common factor of 320272 and 444.
148
Calculate the greatest common factor of 14582 and 414.
46
What is the highest common factor of 205512 and 192?
24
Calculate the highest common factor of 8960 and 65520.
560
What is the greatest common divisor of 1245 and 41334?
249
What is the highest common divisor of 7 and 3455347?
7
What is the greatest common factor of 140 and 841220?
20
Calculate the greatest common factor of 360 and 1524.
12
Calculate the greatest common factor of 12166458 and 34.
34
Calculate the greatest common factor of 375 and 5755875.
375
What is the highest common factor of 888 and 113109?
111
Calculate the greatest common divisor of 5559 and 9894.
51
Calculate the highest common divisor of 5 and 134405.
5
What is the greatest common factor of 367498 and 722?
722
What is the greatest common divisor of 148923 and 45?
9
Calculate the highest common divisor of 112673 and 99.
11
What is the highest common divisor of 822 and 198?
6
What is the highest common factor of 68 and 21862?
34
Calculate the greatest common factor of 1556982 and 4536.
1134
Calculate the highest common divisor of 68283 and 405.
81
Calculate the highest common divisor of 950939 and 58.
29
Calculate the highest common divisor of 37 and 3600137.
37
Calculate the greatest common factor of 2186339 and 58.
29
What is the highest common divisor of 44 and 1161556?
44
What is the highest common factor of 11726 and 4246?
22
Calculate the highest common divisor of 85 and 17273190.
85
What is the highest common divisor of 686 and 1358?
14
What is the highest common factor of 168400 and 575?
25
Calculate the highest common divisor of 60 and 1695.
15
Calculate the greatest common factor of 78 and 6108.
6
Calculate the highest common factor of 72 and 147924.
36
What is the highest common factor of 1445528 and 1743?
581
Calculate the greatest common divisor of 115 and 302473.
23
What is the highest common divisor of 35 and 7370?
5
Calculate the highest common divisor of 13041 and 3703.
161
What is the greatest common divisor of 5133 and 2349?
87
What is the greatest common factor of 4173027 and 228?
57
Calculate the greatest common divisor of 188 and 24628.
188
Calculate the highest common divisor of 4195 and 25.
5
Calculate the highest common divisor of 32147 and 7378.
527
Calculate the greatest common divisor of 645 and 1648835.
215
Calculate the greatest common divisor of 476 and 53956.
28
Calculate the highest common divisor of 13981 and 296143.
1271
What is the highest common divisor of 1225 and 280350?
175
What is the highest common factor of 1433 and 37?
1
What is the greatest common factor of 5843 and 21?
1
What is the greatest common divisor of 48 and 905328?
48
What is the greatest common divisor of 3240 and 136440?
360
What is the highest common divisor of 814481 and 74?
37
What is the highest common factor of 113 and 81?
1
What is the greatest common factor of 2240 and 101360?
560
Calculate the greatest common factor of 136 and 20264.
136
Calculate the greatest common divisor of 150 and 71790.
30
Calculate the highest common factor of 541930 and 40.
10
What is the greatest common divisor of 26 and 578630?
26
What is the greatest common divisor of 52570 and 105?
35
Calculate the highest common divisor of 364646 and 145.
29
What is the highest common factor of 3 and 3684?
3
What is the greatest common factor of 60 and 2385?
15
Calculate the highest common factor of 36 and 85116.
12
What is the greatest common divisor of 79608 and 1581?
93
What is the highest common factor of 252 and 900?
36
What is the greatest common divisor of 444160 and 13533?
347
What is the greatest common divisor of 31923 and 72?
9
Calculate the highest common divisor of 650620 and 1000.
20
What is the highest common factor of 34740 and 1260?
180
Calculate the greatest common factor of 310 and 53930.
10
Calculate the highest common factor of 15 and 55540.
5
What is the highest common divisor of 256 and 1756192?
32
Calculate the greatest common factor of 34196 and 9476.
412
Calculate the greatest common divisor of 12 and 116496.
12
Calculate the highest common divisor of 4212 and 975.
39
What is the highest common divisor of 150934 and 14?
14
What is the highest common divisor of 32 and 51?
1
What is the greatest common divisor of 67637 and 478?
239
What is the greatest common divisor of 920 and 1817?
23
What is the greatest common factor of 1729 and 452816?
91
What is the greatest common factor of 18405 and 85072?
409
Calculate the highest common divisor of 60 and 12370.
10
Calculate the greatest common factor of 199660 and 8576.
268
Calculate the highest common divisor of 5705 and 51905.
35
What is the highest common factor of 52 and 1274?
26
Calculate the highest common factor of 1881 and 1425.
57
What is the greatest common factor of 477399 and 39?
39
What is the highest common factor of 139954 and 116?
58
What is the greatest common factor of 1014322 and 2?
2
Calculate the greatest common divisor of 32 and 7.
1
What is the highest common divisor of 180 and 47556?
36
What is the highest common factor of 316 and 81607?
79
What is the highest common factor of 65 and 300365?
65
What is the highest common divisor of 5016 and 180?
12
What is the highest common factor of 9362599 and 101?
101
Calculate the highest common divisor of 1387 and 48107.
73
What is the highest common divisor of 130 and 34440?
10
What is the highest common factor of 78 and 13312?
26
Calculate the highest common divisor of 121 and 113861.
121
Calculate the greatest common divisor of 473 and 616.
11
What is the highest common factor of 12138 and 17850?
714
Calculate the highest common divisor of 132 and 8943.
33
What is the highest common factor of 544 and 3664?
16
Calculate the greatest common divisor of 651 and 609.
21
What is the highest common divisor of 52 and 1034527?
13
Calculate the greatest common divisor of 58089 and 1608.
201
Calculate the highest common factor of 8836 and 4.
4
What is the greatest common factor of 313160 and 160?
40
What is the greatest common divisor of 287 and 262769?
41
What is the highest common factor of 106333 and 7528?
941
Calculate the highest common factor of 29 and 3291.
1
What is the highest common factor of 30 and 1212810?
30
What is the greatest common divisor of 84 and 107478?
42
What is the greatest common factor of 11837 and 12371?
89
Calculate the highest common factor of 6 and 14458.
2
Calculate the highest common divisor of 38132 and 28.
4
What is the greatest common divisor of 3333231 and 5676?
1419
Calculate the highest common divisor of 20 and 35950.
10
Calculate the greatest common divisor of 446146 and 74.
74
Calculate the greatest common factor of 80 and 25240.
40
Calculate the highest common divisor of 64900 and 26432.
236
What is 